{"id":123,"date":"2023-02-27T14:22:11","date_gmt":"2023-02-27T13:22:11","guid":{"rendered":"https:\/\/www2.dijonformation.com\/?page_id=123"},"modified":"2025-09-18T11:55:32","modified_gmt":"2025-09-18T09:55:32","slug":"bts-comptabilite-et-gestion-a-dijon-formation","status":"publish","type":"page","link":"https:\/\/dijonformation.com\/index.php\/bts-comptabilite-et-gestion-a-dijon-formation\/","title":{"rendered":"BTS Comptabilit\u00e9 et Gestion"},"content":{"rendered":"<div  data-label=\"Cta\" data-id=\"cta--1\" data-export-id=\"cta-blue-section\" data-category=\"cta\" class=\"cta-blue-section content-section content-section-spacing-medium bg-color1 white-text\" id=\"cta-1\" style=\"background-image: none; background-color: rgb(255, 97, 0);\"><div  class=\"gridContainer\"> <div  class=\"row middle-xs\"><div  class=\"col-sm-8 space-bottom-xs\" data-type=\"column\">  <h3  class=\"\">T\u00e9l\u00e9charger la fiche d\u00e9taill\u00e9e de la formation \n<br >BTS Comptabilit\u00e9 et Gestion<\/h3><\/div> <div  class=\"col-sm-4 end-sm\" data-type=\"column\"> <a  class=\"button big color-white\" href=\"https:\/\/dijonformation.com\/wp-content\/uploads\/2025\/04\/Programme-BTS-CG.pdf\" target=\"_blank\" data-cp-link=\"1\" data-icon=\"\" rel=\"noopener\">T\u00c9L\u00c9CHARGER<\/a><\/div> <\/div><\/div> <\/div><div  data-label=\"Content\" data-id=\"content--1\" data-export-id=\"content-12\" data-category=\"content\" class=\"content-12 content-section content-section-spacing\" id=\"content-1\" style=\"background-color: rgb(255, 255, 255);\"><div  class=\"gridContainer\"> <div  class=\"row text-center\"><div  class=\"section-title-col\" data-type=\"column\">  <h2  class=\"\"><span  style=\"font-weight: 600;\">Objectifs de la formation&nbsp;BTS Comptabilit\u00e9 Gestion<\/span><\/h2><\/div> <\/div> <div  class=\"row center-xs middle-xs\"> <div  class=\"col-sm-9\" data-type=\"column\"><p  class=\"lead\" style=\"text-align: justify;\"><span  style=\"font-weight: 400; color: rgb(34, 34, 34);\">Le BTS Comptabilit\u00e9 et Gestion a pour objectif de d\u00e9velopper \u00e0 la fois une ma\u00eetrise technique et une capacit\u00e9 \u00e0 communiquer, afin de produire et transmettre une information de gestion fiable et pertinente.<\/span><br ><span  style=\"font-weight: 400; color: rgb(34, 34, 34);\">\nAssurer le contr\u00f4le interne sur les fonctions de bases (achats, ventes, \u2026).<\/span><\/p> <\/div> <\/div><\/div> <\/div><div  data-label=\"Counters\" data-id=\"counters--1\" data-export-id=\"counters-1\" data-category=\"counters\" class=\"counters-1 content-section content-section-spacing\" id=\"counters-1\" style=\"background-color: rgb(245, 250, 253);\"><div  class=\"gridContainer\"> <div  class=\"row text-center\"><div  class=\"section-title-col\" data-type=\"column\"> <h2  class=\"\"><span  style=\"font-weight: 600;\">Taux de r\u00e9ussite<\/span><\/h2> <\/div> <\/div> <div  class=\"row spaced-cols\" data-type=\"row\" data-fixed=\"true\">    <div  class=\"col-xs-12 col-sm-4 space-bottom-small col-padding-xs col-md-3\"> <div  class=\"circle-counter color6\"> <svg  class=\"circle-svg\" viewBox=\"0 0 100 100\"> <circle  r=\"48\" stroke-linecap=\"round\" cx=\"50\" cy=\"50\" fill=\"transparent\" stroke-dasharray=\"301.6\" stroke-dashoffset=\"301.6px\"><\/circle> <circle  class=\"circle-bar\" r=\"48\" stroke-linecap=\"round\" cx=\"50\" cy=\"50\" fill=\"transparent\" stroke-dasharray=\"301.6\" stroke-dashoffset=\"301.6px\" style=\"stroke-dashoffset: 0px;\"><\/circle><\/svg> <div  class=\"circle-content\"><h2  class=\"font-100\" data-min=\"0\" data-max=\"100\" data-stop=\"100\" data-prefix=\"\" data-suffix=\"%\" data-countup=\"true\" data-duration=\"2000\"><\/h2> <p ><span  style=\"color: rgb(34, 34, 34);\">2022<\/span><\/p><\/div> <\/div><\/div><div  class=\"col-xs-12 col-sm-4 space-bottom-small col-padding-xs col-md-3\"> <div  class=\"circle-counter color6\"> <svg  class=\"circle-svg\" viewBox=\"0 0 100 100\"> <circle  r=\"48\" stroke-linecap=\"round\" cx=\"50\" cy=\"50\" fill=\"transparent\" stroke-dasharray=\"301.6\" stroke-dashoffset=\"301.6px\"><\/circle> <circle  class=\"circle-bar\" r=\"48\" stroke-linecap=\"round\" cx=\"50\" cy=\"50\" fill=\"transparent\" stroke-dasharray=\"301.6\" stroke-dashoffset=\"301.6px\" style=\"stroke-dashoffset: 0px;\"><\/circle><\/svg> <div  class=\"circle-content\"><h2  class=\"font-100\" data-min=\"0\" data-max=\"100\" data-stop=\"100\" data-prefix=\"\" data-suffix=\"%\" data-countup=\"true\" data-duration=\"2000\"><\/h2> <p ><span  style=\"color: rgb(34, 34, 34);\">2023<\/span><\/p><\/div> <\/div><\/div><div  class=\"col-xs-12 col-sm-4 space-bottom-small col-padding-xs col-md-3\"> <div  class=\"circle-counter color6\"> <svg  class=\"circle-svg\" viewBox=\"0 0 100 100\"> <circle  r=\"48\" stroke-linecap=\"round\" cx=\"50\" cy=\"50\" fill=\"transparent\" stroke-dasharray=\"301.6\" stroke-dashoffset=\"301.6px\"><\/circle> <circle  class=\"circle-bar\" r=\"48\" stroke-linecap=\"round\" cx=\"50\" cy=\"50\" fill=\"transparent\" stroke-dasharray=\"301.6\" stroke-dashoffset=\"301.6px\" style=\"stroke-dashoffset: 60.318579px;\"><\/circle><\/svg> <div  class=\"circle-content\"><h2  class=\"font-100\" data-min=\"0\" data-max=\"100\" data-stop=\"80\" data-prefix=\"\" data-suffix=\"%\" data-countup=\"true\" data-duration=\"2000\"><\/h2> <p ><span  style=\"color: rgb(34, 34, 34);\">2024<\/span><\/p><\/div> <\/div><\/div><div  class=\"col-xs-12 col-sm-4 space-bottom-small col-padding-xs col-md-3\"> <div  class=\"circle-counter color6\"> <svg  class=\"circle-svg\" viewBox=\"0 0 100 100\"> <circle  r=\"48\" stroke-linecap=\"round\" cx=\"50\" cy=\"50\" fill=\"transparent\" stroke-dasharray=\"301.6\" stroke-dashoffset=\"301.6px\"><\/circle> <circle  class=\"circle-bar\" r=\"48\" stroke-linecap=\"round\" cx=\"50\" cy=\"50\" fill=\"transparent\" stroke-dasharray=\"301.6\" stroke-dashoffset=\"301.6px\" style=\"stroke-dashoffset: 24.127432px;\"><\/circle><\/svg> <div  class=\"circle-content\"><h2  class=\"font-100\" data-min=\"0\" data-max=\"100\" data-stop=\"92\" data-prefix=\"\" data-suffix=\"%\" data-countup=\"true\" data-duration=\"2000\"><\/h2> <p ><span  style=\"color: rgb(34, 34, 34);\">2025<\/span><\/p><\/div> <\/div><\/div><\/div><\/div> <\/div><div  data-label=\"Overlappable\" data-id=\"overlappable--2\" data-export-id=\"overlappable-4\" data-category=\"overlappable\" class=\"overlappable-4 content-section content-section-spacing\" data-overlap=\"true\" id=\"overlappable-2\" style=\"background-color: rgb(255, 255, 255);\"><div  class=\"gridContainer\"> <div  data-type=\"row\" class=\"row spaced-cols text-center\"><div  class=\"col-xs-12 col-sm-4 col-padding\"> <i  class=\"fa icon shadow-large-black aligncenter fa-clock-o reverse round big color1\"><\/i> <div  data-type=\"column\" class=\"\"> <h5  class=\"\">Dur\u00e9e<span  id=\"_mce_caret\" data-mce-bogus=\"1\" data-mce-type=\"format-caret\"><span  style=\"font-family: Helvetica, Arial, sans-serif, arial, helvetica, sans-serif; font-weight: 600; color: rgb(34, 34, 34);\">\ufeff<\/span><\/span><\/h5> <p  class=\"\"><span  style=\"color: rgb(34, 34, 34);\">2 ans<\/span><\/p><\/div> <\/div> <div  class=\"col-xs-12 col-sm-4 col-padding\"> <i  class=\"fa icon shadow-large-black aligncenter fa-calendar reverse round big color1\"><\/i> <div  data-type=\"column\" class=\"\"><h5  class=\"\"><span  style=\"font-family: Helvetica, Arial, sans-serif, arial, helvetica, sans-serif; font-weight: 600; color: rgb(34, 34, 34);\">Rythme<\/span><\/h5> <p  class=\"\"><span  style=\"color: rgb(60, 66, 79);\">2 jours en formation\n<\/span><br ><span  style=\"color: rgb(60, 66, 79);\">3 jours en entreprise<\/span><\/p><\/div> <\/div> <div  class=\"col-xs-12 col-sm-4 col-padding\"> <i  class=\"fa icon shadow-large-black aligncenter fa-align-justify reverse round big color1\"><\/i> <div  data-type=\"column\" class=\"\"><h5  class=\"\"><span  style=\"font-family: Helvetica, Arial, sans-serif, arial, helvetica, sans-serif; font-weight: 600; color: rgb(34, 34, 34);\">Cr\u00e9dits<\/span><\/h5> <p  class=\"\"><span  style=\"color: rgb(34, 34, 34);\">120 ECTS<\/span><\/p><\/div> <\/div><div  class=\"col-xs-12 col-sm-4 col-padding\"> <i  class=\"fa icon shadow-large-black aligncenter fa-mortar-board reverse round big color1\"><\/i> <div  data-type=\"column\" class=\"\"> <h5  class=\"\">Accessible apr\u00e8s<\/h5> <p  class=\"\"><span  style=\"color: rgb(34, 34, 34);\">Baccalaur\u00e9at<\/span><\/p><\/div> <\/div><div  class=\"col-xs-12 col-sm-4 col-padding\"> <i  class=\"fa icon shadow-large-black aligncenter fa-building reverse round big color1\"><\/i> <div  data-type=\"column\" class=\"\"> <h5  class=\"\">Campus<\/h5> <p  class=\"\" style=\"text-align: center;\">Dijon Formation et Chalon Formation<br >\nNos campus sont accessibles aux personnes \u00e0 mobilit\u00e9 r\u00e9duite<\/p><\/div> <\/div><div  class=\"col-xs-12 col-sm-4 col-padding\"> <i  class=\"fa icon shadow-large-black aligncenter fa-folder reverse round big color1\"><\/i> <div  data-type=\"column\" class=\"\"> <h5  class=\"\">Contrats<\/h5> <p  class=\"\"><span  style=\"color: rgb(60, 66, 79);\">Contrat d\u2019apprentissage\n<\/span><br ><span  style=\"color: rgb(60, 66, 79);\">Contrat de professionnalisation\n<\/span><br ><span  style=\"color: rgb(60, 66, 79);\">PRO-A<\/span><br ><span  style=\"color: rgb(60, 66, 79);\">CPF<\/span><\/p><\/div> <\/div><\/div> <\/div><\/div><div  data-label=\"Features\" data-id=\"features--1\" data-export-id=\"features-13\" data-category=\"features\" class=\"features-13 content-section content-section-spacing\" id=\"features-1\" style=\"background-color: rgb(255, 255, 255);\"><div  class=\"gridContainer\"> <div  class=\"row text-center\"><div  class=\"section-title-col\" data-type=\"column\">  <\/div> <\/div> <div  class=\"row spaced-cols center-sm content-center-sm\" data-type=\"row\"> <div  class=\"col col-sm-6 col-md-3 space-bottom\"> <i  class=\"fa icon fa-paper-plane bordered round big color1\"><\/i> <h4  class=\"\"><span  style=\"font-weight: 600; font-family: Helvetica, Arial, sans-serif, arial, helvetica, sans-serif; color: rgb(34, 34, 34);\">Comp\u00e9tences vis\u00e9es<\/span><\/h4> <p  class=\"\" style=\"text-align: justify;\">\u2022<span  style=\"color: rgb(60, 66, 79);\"> Gestion de la comptabilit\u00e9 fournisseurs, avec la saisie des factures d\u2019achats, des frais g\u00e9n\u00e9raux et des immobilisations, jusqu\u2019\u00e0 la  pr\u00e9paration des r\u00e8glements fournisseurs<\/span><br >\u2022<span  style=\"color: rgb(60, 66, 79);\"> Gestion de la comptabilit\u00e9 clients (enregistrement des r\u00e8glements, lettrage et relances clients)<\/span><br >\u2022<span  style=\"color: rgb(60, 66, 79);\"> Comptabilisation des immobilisations, calcul des dotations<\/span><br >\u2022<span  style=\"color: rgb(60, 66, 79);\"> Rapprochements bancaires et du suivi de placements de tr\u00e9sorerie<\/span><br >\u2022<span  style=\"color: rgb(60, 66, 79);\"> Pr\u00e9paration et d\u00e9claration de TVA<\/span><br >\u2022<span  style=\"color: rgb(60, 66, 79);\"> Alimentation des informations pour la gestion du personnel (saisie des cong\u00e9s,&nbsp;<\/span><span  style=\"color: rgb(60, 66, 79);\">absences, \u2026)<\/span><br >\u2022<span  style=\"color: rgb(60, 66, 79);\"> Suivi et comptabilisation des notes de frais<\/span><br >\u2022<span  style=\"color: rgb(60, 66, 79);\"> Aide \u00e9galement \u00e0 la r\u00e9vision et \u00e0 la pr\u00e9paration des bilans.<\/span><\/p> <\/div> <div  class=\"col col-sm-6 col-md-3 space-bottom\"><i  class=\"fa icon fa-bars bordered round big color1\"><\/i> <h4  class=\"\"><span  style=\"font-weight: 600; font-family: Helvetica, Arial, sans-serif, arial, helvetica, sans-serif; color: rgb(34, 34, 34);\">Programme de formation<\/span><\/h4> <p  class=\"\" style=\"text-align: justify;\">\u2022<span  style=\"color: rgb(60, 66, 79);\"> Culture g\u00e9n\u00e9rale et expression<\/span><br >\u2022<span  style=\"color: rgb(60, 66, 79);\"> Anglais (Langue vivante \u00e9trang\u00e8re obligatoire)<\/span><br >\u2022<span  style=\"color: rgb(60, 66, 79);\"> Culture \u00e9conomique, juridique et manag\u00e9riale<\/span><br >\u2022<span  style=\"color: rgb(60, 66, 79);\"> Math\u00e9matiques appliqu\u00e9es<\/span><br >\u2022<span  style=\"color: rgb(60, 66, 79);\"> Contr\u00f4le et traitement comptable des op\u00e9rations commerciales<\/span><br >\u2022<span  style=\"color: rgb(60, 66, 79);\"> Contr\u00f4le et production de l\u2019information financi\u00e8re<\/span><br >\u2022<span  style=\"color: rgb(60, 66, 79);\"> Gestion des obligations<\/span><br >\u2022<span  style=\"color: rgb(60, 66, 79);\"> Gestion des relations sociales<\/span><br >\u2022<span  style=\"color: rgb(60, 66, 79);\"> Analyse et pr\u00e9vision de l\u2019activit\u00e9<\/span><br >\u2022<span  style=\"color: rgb(60, 66, 79);\"> Analyse de la situation financi\u00e8re<\/span><br >\u2022<span  style=\"color: rgb(60, 66, 79);\"> Fiabilisation de l\u2019information et du syst\u00e8me d\u2019information comptable (SIC)<\/span><\/p> <\/div> <div  class=\"col col-sm-6 col-md-3 space-bottom\"><i  class=\"fa icon fa-check-circle bordered round big color1\"><\/i> <h4  class=\"\"><span  style=\"font-weight: 600; font-family: Helvetica, Arial, sans-serif, arial, helvetica, sans-serif; color: rgb(34, 34, 34);\">Modalit\u00e9s d\u2019\u00e9valuation<\/span><\/h4> <p  class=\"\" style=\"text-align: left;\">\u2022 CCF (Contr\u00f4les Continus en Formation)<br >\n\u2022 \u00c9preuves ponctuelles<\/p> <\/div> <div  class=\"col col-sm-6 col-md-3 space-bottom\"><i  class=\"fa icon fa-star bordered round big color1\"><\/i> <h4  class=\"\"><span  style=\"font-weight: 600; font-family: Helvetica, Arial, sans-serif, arial, helvetica, sans-serif; color: rgb(34, 34, 34);\">Emplois accessibles<\/span><\/h4> <p  class=\"\" style=\"text-align: justify;\">\u2022<span  style=\"color: rgb(60, 66, 79);\"> Assistant(e) comptable<\/span><br >\u2022<span  style=\"color: rgb(60, 66, 79);\"> Assistant de gestion<\/span><br >\u2022<span  style=\"color: rgb(60, 66, 79);\"> Comptable<\/span><br >\u2022<span  style=\"color: rgb(60, 66, 79);\"> Chef(fe) comptable<\/span><br >\u2022<span  style=\"color: rgb(60, 66, 79);\"> Expert-comptable<\/span><br >\u2022<span  style=\"color: rgb(60, 66, 79);\"> Assistant de gestion<\/span><br >\u2022<span  style=\"color: rgb(60, 66, 79);\"> Analyste de gestion<\/span><br >\u2022<span  style=\"color: rgb(60, 66, 79);\"> Contr\u00f4leur(se) de gestion<\/span><br >\u2022<span  style=\"color: rgb(60, 66, 79);\"> Gestionnaire de paie<\/span><br >\u2022 <span  style=\"color: rgb(60, 66, 79);\">Tr\u00e9sorier<\/span><br >\u2022<span  style=\"color: rgb(60, 66, 79);\"> Responsable du personnel<\/span><\/p> <\/div> <\/div><\/div> <\/div><div  data-label=\"Cta\" data-id=\"cta--2\" data-export-id=\"cta-centered-bg-section\" data-category=\"cta\" data-section-ov=\"1\" class=\"cta-centered-bg-section content-section content-section-spacing-medium white-text\" data-parallax-depth=\"20\" id=\"cta-2\" style=\"background-color: rgb(255, 97, 0); background-image: none;\"><div  class=\"gridContainer\"> <div  class=\"row text-center\"><div  data-type=\"column\" class=\"\">  <h3  class=\"\"><span  style=\"font-family: Muli, arial, helvetica, sans-serif;\">Pour plus d\u2019informations, pr\u00e9inscrivez-vous<\/span><\/h3><a  class=\"button color-white dark-text\" href=\"https:\/\/inscriptions.dijonformation.com\/bienvenue?site=dijon\" target=\"_blank\" data-cp-link=\"1\" data-icon=\"\" rel=\"noopener\">CAMPUS DIJON<\/a><a  class=\"button color-white dark-text\" href=\"https:\/\/inscriptions.chalonformation.com\/bienvenue?site=chalon\" target=\"_blank\" data-cp-link=\"1\" data-icon=\"\" rel=\"noopener\">CAMPUS CHALON<\/a><\/div> <\/div><\/div> <\/div>","protected":false},"excerpt":{"rendered":"<p>T\u00e9l\u00e9charger la fiche d\u00e9taill\u00e9e de la formation BTS Comptabilit\u00e9 et Gestion T\u00c9L\u00c9CHARGER Objectifs de la formation&nbsp;BTS Comptabilit\u00e9 Gestion Le BTS Comptabilit\u00e9 et Gestion a pour objectif de d\u00e9velopper \u00e0 la fois une ma\u00eetrise technique et une capacit\u00e9 \u00e0 communiquer, afin de produire et transmettre une information de gestion fiable et pertinente. Assurer le contr\u00f4le interne&hellip; <br \/> <a class=\"read-more\" href=\"https:\/\/dijonformation.com\/index.php\/bts-comptabilite-et-gestion-a-dijon-formation\/\">Read more<\/a><\/p>\n","protected":false},"author":1,"featured_media":0,"parent":0,"menu_order":0,"comment_status":"closed","ping_status":"closed","template":"pro\/page-templates\/full-width-page.php","meta":{"om_disable_all_campaigns":false,"_uf_show_specific_survey":0,"_uf_disable_surveys":false,"footnotes":""},"class_list":["post-123","page","type-page","status-publish","hentry"],"aioseo_notices":[],"yoast_head":"<!-- This site is optimized with the Yoast SEO plugin v26.8 - https:\/\/yoast.com\/product\/yoast-seo-wordpress\/ -->\n<title>BTS Comptabilit\u00e9 et Gestion - Dijon Formation BTS Comptabilit\u00e9 et Gestion<\/title>\n<meta name=\"description\" content=\"BTS Comptabilit\u00e9 et Gestion \u00e0 Dijon Formation, forme ses futurs alternants aux m\u00e9tiers de de la Comptabilit\u00e9 et les Gestions d&#039;entreprises.\" \/>\n<meta name=\"robots\" content=\"index, follow, max-snippet:-1, max-image-preview:large, max-video-preview:-1\" \/>\n<link rel=\"canonical\" href=\"https:\/\/dijonformation.com\/index.php\/bts-comptabilite-et-gestion-a-dijon-formation\/\" \/>\n<meta property=\"og:locale\" content=\"fr_FR\" \/>\n<meta property=\"og:type\" content=\"article\" \/>\n<meta property=\"og:title\" content=\"BTS Comptabilit\u00e9 et Gestion - Dijon Formation BTS Comptabilit\u00e9 et Gestion\" \/>\n<meta property=\"og:description\" content=\"BTS Comptabilit\u00e9 et Gestion \u00e0 Dijon Formation, forme ses futurs alternants aux m\u00e9tiers de de la Comptabilit\u00e9 et les Gestions d&#039;entreprises.\" \/>\n<meta property=\"og:url\" content=\"https:\/\/dijonformation.com\/index.php\/bts-comptabilite-et-gestion-a-dijon-formation\/\" \/>\n<meta property=\"og:site_name\" content=\"Dijon Formation\" \/>\n<meta property=\"article:publisher\" content=\"https:\/\/www.facebook.com\/dijonfo\/\" \/>\n<meta property=\"article:modified_time\" content=\"2025-09-18T09:55:32+00:00\" \/>\n<meta name=\"twitter:card\" content=\"summary_large_image\" \/>\n<meta name=\"twitter:label1\" content=\"Dur\u00e9e de lecture estim\u00e9e\" \/>\n\t<meta name=\"twitter:data1\" content=\"2 minutes\" \/>\n<script type=\"application\/ld+json\" class=\"yoast-schema-graph\">{\"@context\":\"https:\/\/schema.org\",\"@graph\":[{\"@type\":\"WebPage\",\"@id\":\"https:\/\/dijonformation.com\/index.php\/bts-comptabilite-et-gestion-a-dijon-formation\/\",\"url\":\"https:\/\/dijonformation.com\/index.php\/bts-comptabilite-et-gestion-a-dijon-formation\/\",\"name\":\"BTS Comptabilit\u00e9 et Gestion - Dijon Formation BTS Comptabilit\u00e9 et Gestion\",\"isPartOf\":{\"@id\":\"https:\/\/dijonformation.com\/#website\"},\"datePublished\":\"2023-02-27T13:22:11+00:00\",\"dateModified\":\"2025-09-18T09:55:32+00:00\",\"description\":\"BTS Comptabilit\u00e9 et Gestion \u00e0 Dijon Formation, forme ses futurs alternants aux m\u00e9tiers de de la Comptabilit\u00e9 et les Gestions d'entreprises.\",\"breadcrumb\":{\"@id\":\"https:\/\/dijonformation.com\/index.php\/bts-comptabilite-et-gestion-a-dijon-formation\/#breadcrumb\"},\"inLanguage\":\"fr-FR\",\"potentialAction\":[{\"@type\":\"ReadAction\",\"target\":[\"https:\/\/dijonformation.com\/index.php\/bts-comptabilite-et-gestion-a-dijon-formation\/\"]}]},{\"@type\":\"BreadcrumbList\",\"@id\":\"https:\/\/dijonformation.com\/index.php\/bts-comptabilite-et-gestion-a-dijon-formation\/#breadcrumb\",\"itemListElement\":[{\"@type\":\"ListItem\",\"position\":1,\"name\":\"Accueil\",\"item\":\"https:\/\/dijonformation.com\/\"},{\"@type\":\"ListItem\",\"position\":2,\"name\":\"BTS Comptabilit\u00e9 et Gestion\"}]},{\"@type\":\"WebSite\",\"@id\":\"https:\/\/dijonformation.com\/#website\",\"url\":\"https:\/\/dijonformation.com\/\",\"name\":\"Dijon Formation\",\"description\":\"Dijon Formation l&#039;\u00e9cole sup\u00e9rieure 100% alternance de Bac +2 \u00e0 Bac +5\",\"publisher\":{\"@id\":\"https:\/\/dijonformation.com\/#organization\"},\"potentialAction\":[{\"@type\":\"SearchAction\",\"target\":{\"@type\":\"EntryPoint\",\"urlTemplate\":\"https:\/\/dijonformation.com\/?s={search_term_string}\"},\"query-input\":{\"@type\":\"PropertyValueSpecification\",\"valueRequired\":true,\"valueName\":\"search_term_string\"}}],\"inLanguage\":\"fr-FR\"},{\"@type\":\"Organization\",\"@id\":\"https:\/\/dijonformation.com\/#organization\",\"name\":\"Dijon Formation\",\"url\":\"https:\/\/dijonformation.com\/\",\"logo\":{\"@type\":\"ImageObject\",\"inLanguage\":\"fr-FR\",\"@id\":\"https:\/\/dijonformation.com\/#\/schema\/logo\/image\/\",\"url\":\"https:\/\/dijonformation.com\/wp-content\/uploads\/2024\/03\/cropped-LOGO-SITE-DIJON-ISMACC-1.png\",\"contentUrl\":\"https:\/\/dijonformation.com\/wp-content\/uploads\/2024\/03\/cropped-LOGO-SITE-DIJON-ISMACC-1.png\",\"width\":3248,\"height\":512,\"caption\":\"Dijon Formation\"},\"image\":{\"@id\":\"https:\/\/dijonformation.com\/#\/schema\/logo\/image\/\"},\"sameAs\":[\"https:\/\/www.facebook.com\/dijonfo\/\",\"https:\/\/www.linkedin.com\/company\/dijon-formation\",\"https:\/\/www.instagram.com\/dijon_formation\/\"]}]}<\/script>\n<!-- \/ Yoast SEO plugin. -->","yoast_head_json":{"title":"BTS Comptabilit\u00e9 et Gestion - Dijon Formation BTS Comptabilit\u00e9 et Gestion","description":"BTS Comptabilit\u00e9 et Gestion \u00e0 Dijon Formation, forme ses futurs alternants aux m\u00e9tiers de de la Comptabilit\u00e9 et les Gestions d'entreprises.","robots":{"index":"index","follow":"follow","max-snippet":"max-snippet:-1","max-image-preview":"max-image-preview:large","max-video-preview":"max-video-preview:-1"},"canonical":"https:\/\/dijonformation.com\/index.php\/bts-comptabilite-et-gestion-a-dijon-formation\/","og_locale":"fr_FR","og_type":"article","og_title":"BTS Comptabilit\u00e9 et Gestion - Dijon Formation BTS Comptabilit\u00e9 et Gestion","og_description":"BTS Comptabilit\u00e9 et Gestion \u00e0 Dijon Formation, forme ses futurs alternants aux m\u00e9tiers de de la Comptabilit\u00e9 et les Gestions d'entreprises.","og_url":"https:\/\/dijonformation.com\/index.php\/bts-comptabilite-et-gestion-a-dijon-formation\/","og_site_name":"Dijon Formation","article_publisher":"https:\/\/www.facebook.com\/dijonfo\/","article_modified_time":"2025-09-18T09:55:32+00:00","twitter_card":"summary_large_image","twitter_misc":{"Dur\u00e9e de lecture estim\u00e9e":"2 minutes"},"schema":{"@context":"https:\/\/schema.org","@graph":[{"@type":"WebPage","@id":"https:\/\/dijonformation.com\/index.php\/bts-comptabilite-et-gestion-a-dijon-formation\/","url":"https:\/\/dijonformation.com\/index.php\/bts-comptabilite-et-gestion-a-dijon-formation\/","name":"BTS Comptabilit\u00e9 et Gestion - Dijon Formation BTS Comptabilit\u00e9 et Gestion","isPartOf":{"@id":"https:\/\/dijonformation.com\/#website"},"datePublished":"2023-02-27T13:22:11+00:00","dateModified":"2025-09-18T09:55:32+00:00","description":"BTS Comptabilit\u00e9 et Gestion \u00e0 Dijon Formation, forme ses futurs alternants aux m\u00e9tiers de de la Comptabilit\u00e9 et les Gestions d'entreprises.","breadcrumb":{"@id":"https:\/\/dijonformation.com\/index.php\/bts-comptabilite-et-gestion-a-dijon-formation\/#breadcrumb"},"inLanguage":"fr-FR","potentialAction":[{"@type":"ReadAction","target":["https:\/\/dijonformation.com\/index.php\/bts-comptabilite-et-gestion-a-dijon-formation\/"]}]},{"@type":"BreadcrumbList","@id":"https:\/\/dijonformation.com\/index.php\/bts-comptabilite-et-gestion-a-dijon-formation\/#breadcrumb","itemListElement":[{"@type":"ListItem","position":1,"name":"Accueil","item":"https:\/\/dijonformation.com\/"},{"@type":"ListItem","position":2,"name":"BTS Comptabilit\u00e9 et Gestion"}]},{"@type":"WebSite","@id":"https:\/\/dijonformation.com\/#website","url":"https:\/\/dijonformation.com\/","name":"Dijon Formation","description":"Dijon Formation l&#039;\u00e9cole sup\u00e9rieure 100% alternance de Bac +2 \u00e0 Bac +5","publisher":{"@id":"https:\/\/dijonformation.com\/#organization"},"potentialAction":[{"@type":"SearchAction","target":{"@type":"EntryPoint","urlTemplate":"https:\/\/dijonformation.com\/?s={search_term_string}"},"query-input":{"@type":"PropertyValueSpecification","valueRequired":true,"valueName":"search_term_string"}}],"inLanguage":"fr-FR"},{"@type":"Organization","@id":"https:\/\/dijonformation.com\/#organization","name":"Dijon Formation","url":"https:\/\/dijonformation.com\/","logo":{"@type":"ImageObject","inLanguage":"fr-FR","@id":"https:\/\/dijonformation.com\/#\/schema\/logo\/image\/","url":"https:\/\/dijonformation.com\/wp-content\/uploads\/2024\/03\/cropped-LOGO-SITE-DIJON-ISMACC-1.png","contentUrl":"https:\/\/dijonformation.com\/wp-content\/uploads\/2024\/03\/cropped-LOGO-SITE-DIJON-ISMACC-1.png","width":3248,"height":512,"caption":"Dijon Formation"},"image":{"@id":"https:\/\/dijonformation.com\/#\/schema\/logo\/image\/"},"sameAs":["https:\/\/www.facebook.com\/dijonfo\/","https:\/\/www.linkedin.com\/company\/dijon-formation","https:\/\/www.instagram.com\/dijon_formation\/"]}]}},"_links":{"self":[{"href":"https:\/\/dijonformation.com\/index.php\/wp-json\/wp\/v2\/pages\/123","targetHints":{"allow":["GET"]}}],"collection":[{"href":"https:\/\/dijonformation.com\/index.php\/wp-json\/wp\/v2\/pages"}],"about":[{"href":"https:\/\/dijonformation.com\/index.php\/wp-json\/wp\/v2\/types\/page"}],"author":[{"embeddable":true,"href":"https:\/\/dijonformation.com\/index.php\/wp-json\/wp\/v2\/users\/1"}],"replies":[{"embeddable":true,"href":"https:\/\/dijonformation.com\/index.php\/wp-json\/wp\/v2\/comments?post=123"}],"version-history":[{"count":53,"href":"https:\/\/dijonformation.com\/index.php\/wp-json\/wp\/v2\/pages\/123\/revisions"}],"predecessor-version":[{"id":6303,"href":"https:\/\/dijonformation.com\/index.php\/wp-json\/wp\/v2\/pages\/123\/revisions\/6303"}],"wp:attachment":[{"href":"https:\/\/dijonformation.com\/index.php\/wp-json\/wp\/v2\/media?parent=123"}],"curies":[{"name":"wp","href":"https:\/\/api.w.org\/{rel}","templated":true}]}}