{"id":127,"date":"2023-02-27T14:23:06","date_gmt":"2023-02-27T13:23:06","guid":{"rendered":"https:\/\/www2.dijonformation.com\/?page_id=127"},"modified":"2025-09-18T12:07:49","modified_gmt":"2025-09-18T10:07:49","slug":"bts-management-commercial-operationnel","status":"publish","type":"page","link":"https:\/\/dijonformation.com\/index.php\/bts-management-commercial-operationnel\/","title":{"rendered":"BTS MCO Management Commercial Op\u00e9rationnel"},"content":{"rendered":"<div  data-label=\"Cta\" data-id=\"cta--1\" data-export-id=\"cta-blue-section\" data-category=\"cta\" class=\"cta-blue-section content-section content-section-spacing-medium bg-color1 white-text\" id=\"cta-1\" style=\"background-image: none; background-color: rgb(255, 97, 0);\"><div  class=\"gridContainer\"> <div  class=\"row middle-xs\"><div  class=\"col-sm-8 space-bottom-xs\" data-type=\"column\">  <h3  class=\"\">T\u00e9l\u00e9charger la fiche d\u00e9taill\u00e9e de la formation<br >BTS Management Commercial Op\u00e9rationnel<\/h3><\/div> <div  class=\"col-sm-4 end-sm\" data-type=\"column\"> <a  class=\"button color-white\" href=\"https:\/\/dijonformation.com\/wp-content\/uploads\/2025\/04\/Programme-BTS-MCO.pdf\" target=\"_blank\" data-cp-link=\"1\" data-icon=\"\" rel=\"noopener\">T\u00c9L\u00c9CHARGER <\/a><\/div> <\/div><\/div> <\/div><div  data-label=\"Content\" data-id=\"content--1\" data-export-id=\"content-12\" data-category=\"content\" class=\"content-12 content-section content-section-spacing\" id=\"content-1\" style=\"background-color: rgb(245, 250, 253);\"><div  class=\"gridContainer\"> <div  class=\"row text-center\"><div  class=\"section-title-col\" data-type=\"column\">  <\/div> <\/div> <div  class=\"row center-xs middle-xs\"> <div  class=\"col-sm-9\" data-type=\"column\"><h2  class=\"\"><span  style=\"color: rgb(52, 58, 64); font-weight: 600;\">Objectifs de la formation<\/span><br ><span  style=\"font-weight: 600; color: rgb(52, 58, 64);\">\nBTS Management Commercial Op\u00e9rationnel<\/span><\/h2><p  class=\"lead\" style=\"text-align: justify;\"><span  style=\"font-weight: 400; color: rgb(34, 34, 34);\">Le d\u00e9tenteur du BTS Management Commercial Op\u00e9rationnel \u00e0 Dijon Formation aspire \u00e0 assumer la responsabilit\u00e9 op\u00e9rationnelle de l\u2019int\u00e9gralit\u00e9 ou d\u2019une partie d\u2019une unit\u00e9 commerciale, tout en dirigeant son \u00e9quipe commerciale. Une unit\u00e9 commerciale peut \u00eatre un espace physique ou virtuel offrant \u00e0 un client potentiel l\u2019acc\u00e8s \u00e0 une gamme de produits ou de services. Le d\u00e9veloppement, l\u2019\u00e9tablissement et le soutien d\u2019un portefeuille clients, ainsi que l\u2019optimisation de leur valeur \u00e0 long terme, sont au c\u0153ur de cette perspective. Cette fonction englobe \u00e9galement la gestion de la relation client \u00e0 distance, la e-relation, et la conduite des transactions en e-commerce. En plus de cela, le titulaire du BTS MCO doit \u00eatre comp\u00e9tent pour animer des r\u00e9seaux de distributeurs, de partenaires, et de vente directe.<\/span><\/p> <\/div> <\/div><\/div> <\/div><div  data-label=\"Counters\" data-id=\"counters--1\" data-export-id=\"counters-1\" data-category=\"counters\" class=\"counters-1 content-section content-section-spacing\" id=\"counters-1\" style=\"background-color: rgb(245, 250, 253);\"><div  class=\"gridContainer\"> <div  class=\"row text-center\"><div  class=\"section-title-col\" data-type=\"column\"> <h2  class=\"\"><span  style=\"font-weight: 600;\">Taux de r\u00e9ussite<\/span><\/h2> <\/div> <\/div> <div  class=\"row spaced-cols\" data-type=\"row\" data-fixed=\"true\">    <div  class=\"col-xs-12 col-sm-4 space-bottom-small col-padding-xs\"> <div  class=\"circle-counter color6\"> <svg  class=\"circle-svg\" viewBox=\"0 0 100 100\"> <circle  r=\"48\" stroke-linecap=\"round\" cx=\"50\" cy=\"50\" fill=\"transparent\" stroke-dasharray=\"301.6\" stroke-dashoffset=\"301.6px\"><\/circle> <circle  class=\"circle-bar\" r=\"48\" stroke-linecap=\"round\" cx=\"50\" cy=\"50\" fill=\"transparent\" stroke-dasharray=\"301.6\" stroke-dashoffset=\"301.6px\" style=\"stroke-dashoffset: 75.398224px;\"><\/circle><\/svg> <div  class=\"circle-content\"><h2  class=\"font-100\" data-min=\"0\" data-max=\"100\" data-stop=\"75\" data-prefix=\"\" data-suffix=\"%\" data-countup=\"true\" data-duration=\"2000\"><\/h2> <p ><span  style=\"color: rgb(52, 58, 64);\">2023<\/span><\/p><\/div> <\/div><\/div><div  class=\"col-xs-12 col-sm-4 space-bottom-small col-padding-xs\"> <div  class=\"circle-counter color6\"> <svg  class=\"circle-svg\" viewBox=\"0 0 100 100\"> <circle  r=\"48\" stroke-linecap=\"round\" cx=\"50\" cy=\"50\" fill=\"transparent\" stroke-dasharray=\"301.6\" stroke-dashoffset=\"301.6px\"><\/circle> <circle  class=\"circle-bar\" r=\"48\" stroke-linecap=\"round\" cx=\"50\" cy=\"50\" fill=\"transparent\" stroke-dasharray=\"301.6\" stroke-dashoffset=\"301.6px\" style=\"stroke-dashoffset: 24.127432px;\"><\/circle><\/svg> <div  class=\"circle-content\"><h2  class=\"font-100\" data-min=\"0\" data-max=\"100\" data-stop=\"92\" data-prefix=\"\" data-suffix=\"%\" data-countup=\"true\" data-duration=\"2000\"><\/h2> <p ><span  style=\"color: rgb(34, 34, 34);\">2024<\/span><\/p><\/div> <\/div><\/div><div  class=\"col-xs-12 col-sm-4 space-bottom-small col-padding-xs\"> <div  class=\"circle-counter color6\"> <svg  class=\"circle-svg\" viewBox=\"0 0 100 100\"> <circle  r=\"48\" stroke-linecap=\"round\" cx=\"50\" cy=\"50\" fill=\"transparent\" stroke-dasharray=\"301.6\" stroke-dashoffset=\"301.6px\"><\/circle> <circle  class=\"circle-bar\" r=\"48\" stroke-linecap=\"round\" cx=\"50\" cy=\"50\" fill=\"transparent\" stroke-dasharray=\"301.6\" stroke-dashoffset=\"301.6px\" style=\"stroke-dashoffset: 75.398224px;\"><\/circle><\/svg> <div  class=\"circle-content\"><h2  class=\"font-100\" data-min=\"0\" data-max=\"100\" data-stop=\"75\" data-prefix=\"\" data-suffix=\"%\" data-countup=\"true\" data-duration=\"2000\"><\/h2> <p ><span  style=\"color: rgb(52, 58, 64);\">2025<\/span><\/p><\/div> <\/div><\/div><\/div><\/div> <\/div><div  data-label=\"Overlappable\" data-id=\"overlappable--1\" data-export-id=\"overlappable-4\" data-category=\"overlappable\" class=\"overlappable-4 content-section content-section-spacing\" data-overlap=\"true\" id=\"overlappable-1\" style=\"background-color: rgb(255, 255, 255);\"><div  class=\"gridContainer\"> <div  data-type=\"row\" class=\"row spaced-cols text-center\"><div  class=\"col-xs-12 col-sm-4 col-padding\"> <i  class=\"fa icon shadow-large-black aligncenter fa-clock-o reverse round big color1\"><\/i> <div  data-type=\"column\" class=\"\"> <h5  class=\"\"><span  style=\"font-family: Helvetica, Arial, sans-serif, arial, helvetica, sans-serif; font-weight: 600; color: rgb(34, 34, 34);\">Dur\u00e9e<\/span><\/h5> <p  class=\"\"><span  id=\"_mce_caret\" data-mce-bogus=\"1\" data-mce-type=\"format-caret\"><span  style=\"color: rgb(34, 34, 34);\">2 ans\ufeff<\/span><\/span><\/p><\/div> <\/div> <div  class=\"col-xs-12 col-sm-4 col-padding\"> <i  class=\"fa icon shadow-large-black aligncenter fa-calendar reverse round big color1\"><\/i> <div  data-type=\"column\" class=\"\"><h5  class=\"\"><span  style=\"font-family: Helvetica, Arial, sans-serif, arial, helvetica, sans-serif; font-weight: 600; color: rgb(34, 34, 34);\">Rythme<\/span><span  id=\"_mce_caret\" data-mce-bogus=\"1\" data-mce-type=\"format-caret\"><span  style=\"font-family: Helvetica, Arial, sans-serif, arial, helvetica, sans-serif; font-weight: 600; color: rgb(34, 34, 34);\">\ufeff<\/span><\/span><\/h5> <p  class=\"\"><span  style=\"color: rgb(60, 66, 79);\">2 jours en formation\n<\/span><br ><span  style=\"color: rgb(60, 66, 79);\">3 jours en entreprise<\/span><\/p><\/div> <\/div> <div  class=\"col-xs-12 col-sm-4 col-padding\"> <i  class=\"fa icon shadow-large-black aligncenter fa-align-justify reverse round big color1\"><\/i> <div  data-type=\"column\" class=\"\"><h5  class=\"\"><span  style=\"font-family: Helvetica, Arial, sans-serif, arial, helvetica, sans-serif; font-weight: 600; color: rgb(34, 34, 34);\">Cr\u00e9dits<\/span><\/h5> <p  class=\"\"><span  style=\"color: rgb(34, 34, 34);\">120 ECTS<\/span><\/p><\/div> <\/div><div  class=\"col-xs-12 col-sm-4 col-padding\"> <i  class=\"fa icon shadow-large-black aligncenter fa-mortar-board reverse round big color1\"><\/i> <div  data-type=\"column\" class=\"\"> <h5  class=\"\"><span  style=\"font-family: Helvetica, Arial, sans-serif, arial, helvetica, sans-serif; font-weight: 600; color: rgb(34, 34, 34);\">Accessible&nbsp;<\/span><\/h5> <p  class=\"\"><span  style=\"color: rgb(34, 34, 34);\">Baccalaur\u00e9at<\/span><\/p><\/div> <\/div><div  class=\"col-xs-12 col-sm-4 col-padding\"> <i  class=\"fa icon shadow-large-black aligncenter fa-building reverse round big color1\"><\/i> <div  data-type=\"column\" class=\"\"> <h5  class=\"\"><span  style=\"font-family: Helvetica, Arial, sans-serif, arial, helvetica, sans-serif; font-weight: 600; color: rgb(34, 34, 34);\">Campus<\/span><\/h5> <p  class=\"\">Dijon Formation et Chalon Formation<br >\nNos campus sont accessibles aux personnes \u00e0 mobilit\u00e9 r\u00e9duite<\/p><\/div> <\/div><div  class=\"col-xs-12 col-sm-4 col-padding\"> <i  class=\"fa icon shadow-large-black aligncenter fa-folder reverse round big color1\"><\/i> <div  data-type=\"column\" class=\"\"> <h5  class=\"\"><span  style=\"font-family: Helvetica, Arial, sans-serif, arial, helvetica, sans-serif; font-weight: 600; color: rgb(34, 34, 34);\">Contrats<\/span><\/h5> <p  class=\"\"><span  style=\"color: rgb(60, 66, 79);\">Contrat d\u2019apprentissage\n<\/span><br ><span  style=\"color: rgb(60, 66, 79);\">Contrat de professionnalisation\n<\/span><br ><span  style=\"color: rgb(60, 66, 79);\">PRO A\n<\/span><br ><span  style=\"color: rgb(60, 66, 79);\">CPF<\/span><\/p><\/div> <\/div><\/div> <\/div><\/div><div  data-label=\"Features\" data-id=\"features--1\" data-export-id=\"features-13\" data-category=\"features\" class=\"features-13 content-section content-section-spacing\" id=\"features-1\" style=\"background-color: rgb(255, 255, 255);\"><div  class=\"gridContainer\"> <div  class=\"row text-center\"><div  class=\"section-title-col\" data-type=\"column\">  <\/div> <\/div> <div  class=\"row spaced-cols center-sm content-center-sm\" data-type=\"row\"> <div  class=\"col col-sm-6 col-md-3 space-bottom\"> <i  class=\"fa icon fa-paper-plane bordered round big color1\"><\/i> <h4  class=\"\"><span  style=\"font-weight: 600; font-family: Helvetica, Arial, sans-serif, arial, helvetica, sans-serif; color: rgb(34, 34, 34);\">Comp\u00e9tences vis\u00e9es<\/span><\/h4> <p  class=\"\" style=\"text-align: justify;\">\u2022<span  style=\"color: rgb(60, 66, 79);\"> Management de l\u2019unit\u00e9 commerciale<\/span><br >\u2022<span  style=\"color: rgb(60, 66, 79);\"> Gestion de la relation avec la client\u00e8le<\/span><br >\u2022<span  style=\"color: rgb(60, 66, 79);\"> Gestion et animation de l\u2019offre de produits et de services<\/span><br >\u2022<span  style=\"color: rgb(60, 66, 79);\"> Recherche et exploitation de l\u2019information n\u00e9cessaire \u00e0 l\u2019activit\u00e9 commerciale<\/span><br >\u2022<span  style=\"color: rgb(60, 66, 79);\"> Assurer la veille informationnelle<\/span><br >\u2022<span  style=\"color: rgb(60, 66, 79);\"> R\u00e9aliser des \u00e9tudes commerciales<\/span><br >\u2022<span  style=\"color: rgb(60, 66, 79);\"> Animer et dynamiser l\u2019offre commerciale<\/span><br >\u2022<span  style=\"color: rgb(60, 66, 79);\"> \u00c9laborer et adapter en continu l\u2019offre de produits et de services<\/span><br >\u2022<span  style=\"color: rgb(60, 66, 79);\"> Organiser l\u2019espace commercial<\/span><br >\u2022<span  style=\"color: rgb(60, 66, 79);\"> D\u00e9velopper les performances de l\u2019espace commercial<\/span><br >\u2022<span  style=\"color: rgb(60, 66, 79);\"> Concevoir et mettre en place la communication commerciale<\/span><br >\u2022<span  style=\"color: rgb(60, 66, 79);\"> G\u00e9rer les op\u00e9rations courantes<\/span><br >\u2022<span  style=\"color: rgb(60, 66, 79);\"> Pr\u00e9voir et budg\u00e9tiser l\u2019activit\u00e9<\/span><br >\u2022<span  style=\"color: rgb(60, 66, 79);\"> Organiser le travail de l\u2019\u00e9quipe commerciale<\/span><br >\u2022<span  style=\"color: rgb(60, 66, 79);\"> Recruter des collaborateurs<\/span><br >\u2022<span  style=\"color: rgb(60, 66, 79);\"> Animer l\u2019\u00e9quipe commerciale<\/span><br >\u2022<span  style=\"color: rgb(60, 66, 79);\"> \u00c9valuer les performances de l\u2019\u00e9quipe commerciale<\/span><br >\u2022<span  style=\"color: rgb(60, 66, 79);\"> S\u2019adapter \u00e0 une situation de communication<\/span><br >\u2022<span  style=\"color: rgb(60, 66, 79);\"> \u00c9tablir un diagnostic (ou une partie de diagnostic) pr\u00e9parant une prise de d\u00e9cision strat\u00e9gique<\/span><\/p> <\/div> <div  class=\"col col-sm-6 col-md-3 space-bottom\"><i  class=\"fa icon fa-bars bordered round big color1\"><\/i> <h4  class=\"\"><span  style=\"font-weight: 600; font-family: Helvetica, Arial, sans-serif, arial, helvetica, sans-serif; color: rgb(34, 34, 34);\">Programme de formation<\/span><\/h4> <p  class=\"\" style=\"text-align: justify;\">\u2022<span  style=\"color: rgb(60, 66, 79);\"> Culture g\u00e9n\u00e9rale et expression<\/span><br >\u2022<span  style=\"color: rgb(60, 66, 79);\"> Communication en langue vivante \u00e9trang\u00e8re<\/span><br >\u2022<span  style=\"color: rgb(60, 66, 79);\"> Culture \u00e9conomique juridique et manag\u00e9riale<\/span><br >\u2022<span  style=\"color: rgb(60, 66, 79);\"> D\u00e9veloppement de la relation client et de la vente conseil<\/span><br >\u2022<span  style=\"color: rgb(60, 66, 79);\"> Animation et dynamisation de l\u2019offre commerciale<\/span><br >\u2022<span  style=\"color: rgb(60, 66, 79);\"> Gestion op\u00e9rationnelle<\/span><br >\u2022<span  style=\"color: rgb(60, 66, 79);\"> Management de l\u2019\u00e9quipe commerciale<\/span><\/p> <\/div> <div  class=\"col col-sm-6 col-md-3 space-bottom\"><i  class=\"fa icon fa-check-circle bordered round big color1\"><\/i> <h4  class=\"\"><span  style=\"font-weight: 600; font-family: Helvetica, Arial, sans-serif, arial, helvetica, sans-serif; color: rgb(34, 34, 34);\">Modalit\u00e9s d\u2019\u00e9valuation<\/span><\/h4> <p  class=\"\" style=\"text-align: left;\">\u2022 CCF (Contr\u00f4les Continus en Formation)<br >\n\u2022 \u00c9preuves ponctuelles<\/p> <\/div> <div  class=\"col col-sm-6 col-md-3 space-bottom\"><i  class=\"fa icon fa-star bordered round big color1\"><\/i> <h4  class=\"\"><span  style=\"font-weight: 600; font-family: Helvetica, Arial, sans-serif, arial, helvetica, sans-serif; color: rgb(34, 34, 34);\">Emplois accessibles<\/span><\/h4> <p  class=\"\" style=\"text-align: justify;\">\u2022<span  style=\"color: rgb(60, 66, 79);\"> Second(e) de rayon<\/span><br >\u2022<span  style=\"color: rgb(60, 66, 79);\"> Assistant(e) chef de rayon<\/span><br >\u2022<span  style=\"color: rgb(60, 66, 79);\"> Directeur(rice) adjoint(e) de magasin<\/span><br >\u2022<span  style=\"color: rgb(60, 66, 79);\"> Animateur(rice) des ventes<\/span><br >\u2022<span  style=\"color: rgb(60, 66, 79);\"> Charg\u00e9(e) de client\u00e8le<\/span><br >\u2022<span  style=\"color: rgb(60, 66, 79);\"> Conseiller(\u00e8re) commerciale<\/span><br >\u2022<span  style=\"color: rgb(60, 66, 79);\"> D\u00e9l\u00e9gu\u00e9(e) commercial(e)<\/span><br >\u2022<span  style=\"color: rgb(60, 66, 79);\"> Vendeur(se) conseil<\/span><br >\u2022<span  style=\"color: rgb(60, 66, 79);\"> Responsable de site<\/span><br >\u2022<span  style=\"color: rgb(60, 66, 79);\"> Responsable d\u2019agence<\/span><br >\u2022<span  style=\"color: rgb(60, 66, 79);\"> Chef(fe) d\u2019agence commerciale<\/span><br >\u2022<span  style=\"color: rgb(60, 66, 79);\"> Chef(fe) de secteur<\/span><\/p> <\/div> <\/div><\/div> <\/div><div  data-label=\"Cta\" data-id=\"cta--2\" data-export-id=\"cta-centered-bg-section\" data-category=\"cta\" data-section-ov=\"1\" class=\"cta-centered-bg-section content-section content-section-spacing-medium white-text\" data-parallax-depth=\"20\" id=\"cta-2\" style=\"background-color: rgb(255, 97, 0); background-image: none;\"><div  class=\"gridContainer\"> <div  class=\"row text-center\"><div  data-type=\"column\" class=\"\">  <h3  class=\"\"><span  style=\"font-family: Muli, arial, helvetica, sans-serif;\">Pour plus d\u2019informations, pr\u00e9inscrivez-vous<\/span><\/h3><a  class=\"button color-white dark-text\" href=\"https:\/\/inscriptions.dijonformation.com\/bienvenue?site=dijon\" target=\"_blank\" data-cp-link=\"1\" data-icon=\"\" rel=\"noopener\">CAMPUS DIJON<\/a><a  class=\"button color-white dark-text\" href=\"https:\/\/inscriptions.chalonformation.com\/bienvenue?site=chalon\" target=\"_blank\" data-cp-link=\"1\" data-icon=\"\" rel=\"noopener\">CAMPUS CHALON<\/a><\/div> <\/div><\/div> <\/div>","protected":false},"excerpt":{"rendered":"<p>T\u00e9l\u00e9charger la fiche d\u00e9taill\u00e9e de la formationBTS Management Commercial Op\u00e9rationnel T\u00c9L\u00c9CHARGER Objectifs de la formation BTS Management Commercial Op\u00e9rationnelLe d\u00e9tenteur du BTS Management Commercial Op\u00e9rationnel \u00e0 Dijon Formation aspire \u00e0 assumer la responsabilit\u00e9 op\u00e9rationnelle de l\u2019int\u00e9gralit\u00e9 ou d\u2019une partie d\u2019une unit\u00e9 commerciale, tout en dirigeant son \u00e9quipe commerciale. Une unit\u00e9 commerciale peut \u00eatre un espace&hellip; <br \/> <a class=\"read-more\" href=\"https:\/\/dijonformation.com\/index.php\/bts-management-commercial-operationnel\/\">Read more<\/a><\/p>\n","protected":false},"author":1,"featured_media":0,"parent":0,"menu_order":0,"comment_status":"closed","ping_status":"closed","template":"pro\/page-templates\/full-width-page.php","meta":{"om_disable_all_campaigns":false,"_uf_show_specific_survey":0,"_uf_disable_surveys":false,"footnotes":""},"class_list":["post-127","page","type-page","status-publish","hentry"],"aioseo_notices":[],"yoast_head":"<!-- This site is optimized with the Yoast SEO plugin v26.8 - https:\/\/yoast.com\/product\/yoast-seo-wordpress\/ -->\n<title>BTS Management Commercial Op\u00e9rationnel \u00e0 Dijon Formation<\/title>\n<meta name=\"description\" content=\"Dijon Formation forme ses alternants au BTS Management Commercial Op\u00e9rationnel pour g\u00e9rer et d\u00e9velopper l&#039;activit\u00e9 d&#039;une unit\u00e9 commerciale.\" \/>\n<meta name=\"robots\" content=\"index, follow, max-snippet:-1, max-image-preview:large, max-video-preview:-1\" \/>\n<link rel=\"canonical\" href=\"https:\/\/dijonformation.com\/index.php\/bts-management-commercial-operationnel\/\" \/>\n<meta property=\"og:locale\" content=\"fr_FR\" \/>\n<meta property=\"og:type\" content=\"article\" \/>\n<meta property=\"og:title\" content=\"BTS Management Commercial Op\u00e9rationnel \u00e0 Dijon Formation\" \/>\n<meta property=\"og:description\" content=\"Dijon Formation forme ses alternants au BTS Management Commercial Op\u00e9rationnel pour g\u00e9rer et d\u00e9velopper l&#039;activit\u00e9 d&#039;une unit\u00e9 commerciale.\" \/>\n<meta property=\"og:url\" content=\"https:\/\/dijonformation.com\/index.php\/bts-management-commercial-operationnel\/\" \/>\n<meta property=\"og:site_name\" content=\"Dijon Formation\" \/>\n<meta property=\"article:publisher\" content=\"https:\/\/www.facebook.com\/dijonfo\/\" \/>\n<meta property=\"article:modified_time\" content=\"2025-09-18T10:07:49+00:00\" \/>\n<meta name=\"twitter:card\" content=\"summary_large_image\" \/>\n<meta name=\"twitter:label1\" content=\"Dur\u00e9e de lecture estim\u00e9e\" \/>\n\t<meta name=\"twitter:data1\" content=\"3 minutes\" \/>\n<script type=\"application\/ld+json\" class=\"yoast-schema-graph\">{\"@context\":\"https:\/\/schema.org\",\"@graph\":[{\"@type\":\"WebPage\",\"@id\":\"https:\/\/dijonformation.com\/index.php\/bts-management-commercial-operationnel\/\",\"url\":\"https:\/\/dijonformation.com\/index.php\/bts-management-commercial-operationnel\/\",\"name\":\"BTS Management Commercial Op\u00e9rationnel \u00e0 Dijon Formation\",\"isPartOf\":{\"@id\":\"https:\/\/dijonformation.com\/#website\"},\"datePublished\":\"2023-02-27T13:23:06+00:00\",\"dateModified\":\"2025-09-18T10:07:49+00:00\",\"description\":\"Dijon Formation forme ses alternants au BTS Management Commercial Op\u00e9rationnel pour g\u00e9rer et d\u00e9velopper l'activit\u00e9 d'une unit\u00e9 commerciale.\",\"breadcrumb\":{\"@id\":\"https:\/\/dijonformation.com\/index.php\/bts-management-commercial-operationnel\/#breadcrumb\"},\"inLanguage\":\"fr-FR\",\"potentialAction\":[{\"@type\":\"ReadAction\",\"target\":[\"https:\/\/dijonformation.com\/index.php\/bts-management-commercial-operationnel\/\"]}]},{\"@type\":\"BreadcrumbList\",\"@id\":\"https:\/\/dijonformation.com\/index.php\/bts-management-commercial-operationnel\/#breadcrumb\",\"itemListElement\":[{\"@type\":\"ListItem\",\"position\":1,\"name\":\"Accueil\",\"item\":\"https:\/\/dijonformation.com\/\"},{\"@type\":\"ListItem\",\"position\":2,\"name\":\"BTS MCO Management Commercial Op\u00e9rationnel\"}]},{\"@type\":\"WebSite\",\"@id\":\"https:\/\/dijonformation.com\/#website\",\"url\":\"https:\/\/dijonformation.com\/\",\"name\":\"Dijon Formation\",\"description\":\"Dijon Formation l&#039;\u00e9cole sup\u00e9rieure 100% alternance de Bac +2 \u00e0 Bac +5\",\"publisher\":{\"@id\":\"https:\/\/dijonformation.com\/#organization\"},\"potentialAction\":[{\"@type\":\"SearchAction\",\"target\":{\"@type\":\"EntryPoint\",\"urlTemplate\":\"https:\/\/dijonformation.com\/?s={search_term_string}\"},\"query-input\":{\"@type\":\"PropertyValueSpecification\",\"valueRequired\":true,\"valueName\":\"search_term_string\"}}],\"inLanguage\":\"fr-FR\"},{\"@type\":\"Organization\",\"@id\":\"https:\/\/dijonformation.com\/#organization\",\"name\":\"Dijon Formation\",\"url\":\"https:\/\/dijonformation.com\/\",\"logo\":{\"@type\":\"ImageObject\",\"inLanguage\":\"fr-FR\",\"@id\":\"https:\/\/dijonformation.com\/#\/schema\/logo\/image\/\",\"url\":\"https:\/\/dijonformation.com\/wp-content\/uploads\/2024\/03\/cropped-LOGO-SITE-DIJON-ISMACC-1.png\",\"contentUrl\":\"https:\/\/dijonformation.com\/wp-content\/uploads\/2024\/03\/cropped-LOGO-SITE-DIJON-ISMACC-1.png\",\"width\":3248,\"height\":512,\"caption\":\"Dijon Formation\"},\"image\":{\"@id\":\"https:\/\/dijonformation.com\/#\/schema\/logo\/image\/\"},\"sameAs\":[\"https:\/\/www.facebook.com\/dijonfo\/\",\"https:\/\/www.linkedin.com\/company\/dijon-formation\",\"https:\/\/www.instagram.com\/dijon_formation\/\"]}]}<\/script>\n<!-- \/ Yoast SEO plugin. -->","yoast_head_json":{"title":"BTS Management Commercial Op\u00e9rationnel \u00e0 Dijon Formation","description":"Dijon Formation forme ses alternants au BTS Management Commercial Op\u00e9rationnel pour g\u00e9rer et d\u00e9velopper l'activit\u00e9 d'une unit\u00e9 commerciale.","robots":{"index":"index","follow":"follow","max-snippet":"max-snippet:-1","max-image-preview":"max-image-preview:large","max-video-preview":"max-video-preview:-1"},"canonical":"https:\/\/dijonformation.com\/index.php\/bts-management-commercial-operationnel\/","og_locale":"fr_FR","og_type":"article","og_title":"BTS Management Commercial Op\u00e9rationnel \u00e0 Dijon Formation","og_description":"Dijon Formation forme ses alternants au BTS Management Commercial Op\u00e9rationnel pour g\u00e9rer et d\u00e9velopper l'activit\u00e9 d'une unit\u00e9 commerciale.","og_url":"https:\/\/dijonformation.com\/index.php\/bts-management-commercial-operationnel\/","og_site_name":"Dijon Formation","article_publisher":"https:\/\/www.facebook.com\/dijonfo\/","article_modified_time":"2025-09-18T10:07:49+00:00","twitter_card":"summary_large_image","twitter_misc":{"Dur\u00e9e de lecture estim\u00e9e":"3 minutes"},"schema":{"@context":"https:\/\/schema.org","@graph":[{"@type":"WebPage","@id":"https:\/\/dijonformation.com\/index.php\/bts-management-commercial-operationnel\/","url":"https:\/\/dijonformation.com\/index.php\/bts-management-commercial-operationnel\/","name":"BTS Management Commercial Op\u00e9rationnel \u00e0 Dijon Formation","isPartOf":{"@id":"https:\/\/dijonformation.com\/#website"},"datePublished":"2023-02-27T13:23:06+00:00","dateModified":"2025-09-18T10:07:49+00:00","description":"Dijon Formation forme ses alternants au BTS Management Commercial Op\u00e9rationnel pour g\u00e9rer et d\u00e9velopper l'activit\u00e9 d'une unit\u00e9 commerciale.","breadcrumb":{"@id":"https:\/\/dijonformation.com\/index.php\/bts-management-commercial-operationnel\/#breadcrumb"},"inLanguage":"fr-FR","potentialAction":[{"@type":"ReadAction","target":["https:\/\/dijonformation.com\/index.php\/bts-management-commercial-operationnel\/"]}]},{"@type":"BreadcrumbList","@id":"https:\/\/dijonformation.com\/index.php\/bts-management-commercial-operationnel\/#breadcrumb","itemListElement":[{"@type":"ListItem","position":1,"name":"Accueil","item":"https:\/\/dijonformation.com\/"},{"@type":"ListItem","position":2,"name":"BTS MCO Management Commercial Op\u00e9rationnel"}]},{"@type":"WebSite","@id":"https:\/\/dijonformation.com\/#website","url":"https:\/\/dijonformation.com\/","name":"Dijon Formation","description":"Dijon Formation l&#039;\u00e9cole sup\u00e9rieure 100% alternance de Bac +2 \u00e0 Bac +5","publisher":{"@id":"https:\/\/dijonformation.com\/#organization"},"potentialAction":[{"@type":"SearchAction","target":{"@type":"EntryPoint","urlTemplate":"https:\/\/dijonformation.com\/?s={search_term_string}"},"query-input":{"@type":"PropertyValueSpecification","valueRequired":true,"valueName":"search_term_string"}}],"inLanguage":"fr-FR"},{"@type":"Organization","@id":"https:\/\/dijonformation.com\/#organization","name":"Dijon Formation","url":"https:\/\/dijonformation.com\/","logo":{"@type":"ImageObject","inLanguage":"fr-FR","@id":"https:\/\/dijonformation.com\/#\/schema\/logo\/image\/","url":"https:\/\/dijonformation.com\/wp-content\/uploads\/2024\/03\/cropped-LOGO-SITE-DIJON-ISMACC-1.png","contentUrl":"https:\/\/dijonformation.com\/wp-content\/uploads\/2024\/03\/cropped-LOGO-SITE-DIJON-ISMACC-1.png","width":3248,"height":512,"caption":"Dijon Formation"},"image":{"@id":"https:\/\/dijonformation.com\/#\/schema\/logo\/image\/"},"sameAs":["https:\/\/www.facebook.com\/dijonfo\/","https:\/\/www.linkedin.com\/company\/dijon-formation","https:\/\/www.instagram.com\/dijon_formation\/"]}]}},"_links":{"self":[{"href":"https:\/\/dijonformation.com\/index.php\/wp-json\/wp\/v2\/pages\/127","targetHints":{"allow":["GET"]}}],"collection":[{"href":"https:\/\/dijonformation.com\/index.php\/wp-json\/wp\/v2\/pages"}],"about":[{"href":"https:\/\/dijonformation.com\/index.php\/wp-json\/wp\/v2\/types\/page"}],"author":[{"embeddable":true,"href":"https:\/\/dijonformation.com\/index.php\/wp-json\/wp\/v2\/users\/1"}],"replies":[{"embeddable":true,"href":"https:\/\/dijonformation.com\/index.php\/wp-json\/wp\/v2\/comments?post=127"}],"version-history":[{"count":51,"href":"https:\/\/dijonformation.com\/index.php\/wp-json\/wp\/v2\/pages\/127\/revisions"}],"predecessor-version":[{"id":6307,"href":"https:\/\/dijonformation.com\/index.php\/wp-json\/wp\/v2\/pages\/127\/revisions\/6307"}],"wp:attachment":[{"href":"https:\/\/dijonformation.com\/index.php\/wp-json\/wp\/v2\/media?parent=127"}],"curies":[{"name":"wp","href":"https:\/\/api.w.org\/{rel}","templated":true}]}}