{"id":255,"date":"2023-02-28T14:09:42","date_gmt":"2023-02-28T13:09:42","guid":{"rendered":"https:\/\/www2.dijonformation.com\/?page_id=255"},"modified":"2026-02-11T10:39:55","modified_gmt":"2026-02-11T09:39:55","slug":"nos-domaines-dinterventions","status":"publish","type":"page","link":"https:\/\/dijonformation.com\/index.php\/nos-domaines-dinterventions\/","title":{"rendered":"Nos fili\u00e8res et formations"},"content":{"rendered":"<div  data-label=\"Features\" data-id=\"features--1\" data-export-id=\"features-13-card-bordered\" data-category=\"features\" class=\"features-13 content-section content-section-spacing\" id=\"features-1\" style=\"background-color: rgb(255, 255, 255);\"><div  class=\"gridContainer\"> <div  class=\"row text-center\"><div  class=\"section-title-col\" data-type=\"column\"> <h2  class=\"\">26 ann\u00e9es d\u2019exp\u00e9rience<\/h2> <h3  class=\"\"><span  style=\"font-weight: 700;\">Nos domaines d\u2019intervention de Bac+2 \u00e0 Bac+5<\/span><\/h3><p  class=\"lead\"><span  style=\"font-weight: 600;\">D\u00e9couvrez nos formations en alternance<\/span><br ><span  style=\"font-weight: 600;\">\ndans les m\u00e9tiers du tertiaire applicables dans tous les secteurs d\u2019activit\u00e9.<\/span><\/p><p  class=\"\" style=\"text-align: justify;\">Vous cherchez un ou des \u00e9tudiants en alternance pour votre entreprise ? Vous avez des besoins au sein du service commercial, relation client, RH, communication, comptabilit\u00e9 etc\u2026 ? Prenez contact avec un de nos conseillers formation par mail ou t\u00e9l\u00e9phone afin d\u2019obtenir toutes les informations sur notre \u00e9cole, le fonctionnement de l\u2019alternance, les formations et le profil des candidats.<\/p><\/div> <\/div> <div  class=\"row spaced-cols content-center-sm center-sm\" data-type=\"row\"> <div  class=\"col-sm-4\"> <div  class=\"card bordered y-move\" data-type=\"column\"> <i  class=\"fa icon fa-phone reverse round big color1\"><\/i> <h4  class=\"\">TELEPHONE<\/h4>  <a  class=\"button y-move big color1\" href=\"#\" target=\"_self\" data-cp-link=\"1\" data-icon=\"\">03 80 48 99 99<\/a><\/div> <\/div> <div  class=\"col-sm-4\"> <div  class=\"card bordered y-move\" data-type=\"column\"> <i  class=\"fa icon fa-envelope-o reverse round big color1\"><\/i> <h4  class=\"\">MAIL<\/h4>  <a  class=\"button y-move big color1\" href=\"mailto:conseils@dijonformation.com\" target=\"_blank\" data-cp-link=\"1\" data-icon=\"\">Contacter par mail<\/a><\/div> <\/div> <\/div> <\/div><\/div><div  data-label=\"Content\" data-id=\"content--1\" data-export-id=\"content-7\" data-category=\"content\" class=\"content-7 content-section content-section-spacing\" id=\"content-1\" style=\"background-color: rgb(242, 242, 242); background-image: none;\"><div  class=\"gridContainer\"> <div  class=\"row middle-sm\"><div  class=\"col-sm-6 space-bottom-xs content-left-sm\" data-type=\"column\"> <h2  class=\"\"><span  style=\"font-weight: 600;\">Commerce | Banque et Assurance<\/span><\/h2> <h3  class=\"\"><span  style=\"color: rgb(34, 34, 34);\">Bac+2<\/span><\/h3><p  class=\"\" style=\"text-align: left;\"><span  style=\"color: rgb(52, 58, 64);\">\u2022 BTS Assurance<\/span><br ><span  style=\"color: rgb(52, 58, 64);\">\n    \u2022 BTS Management Commercial Op\u00e9rationnel (MCO)<\/span><br ><span  style=\"color: rgb(52, 58, 64);\">\n    \u2022 BTS N\u00e9gociation et Digitalisation de la                  Relation Client (NDRC)<\/span><\/p><a  class=\"button small color1\" href=\"https:\/\/dijonformation.com\/index.php\/bts-assurance\" target=\"_blank\" data-cp-link=\"1\" data-icon=\"\" rel=\"noopener\">BTS ASSURANCE<\/a><a  class=\"button small color1\" href=\"https:\/\/dijonformation.com\/index.php\/bts-management-commercial-operationnel\" target=\"_blank\" data-cp-link=\"1\" data-icon=\"\" rel=\"noopener\">BTS MCO<\/a><a  class=\"button small color1\" href=\"https:\/\/dijonformation.com\/index.php\/bts-ndrc-negociation-et-digitalisation-de-la-relation-client\" target=\"_blank\" data-cp-link=\"1\" data-icon=\"\" rel=\"noopener\">BTS NDRC<\/a><h3  class=\"\"><span  style=\"color: rgb(34, 34, 34);\">Bac+3<\/span><\/h3><p  class=\"\" style=\"text-align: left;\"><span  style=\"color: rgb(52, 58, 64);\">\u2022 <\/span><span  style=\"color: rgb(52, 58, 64);\">Bachelor Banque et Assurance<br >\u2022 Bachelor Responsable du D\u00e9veloppement Commercial<\/span><br >\u2022 Bachelor Office Manager<\/p><a  class=\"button small color1\" href=\"https:\/\/dijonformation.com\/index.php\/bachelor-banque\" target=\"_blank\" data-cp-link=\"1\" data-icon=\"\" rel=\"noopener\">BACHELOR BANQUE et ASSURANCE<\/a><a  class=\"button small color1\" href=\"https:\/\/dijonformation.com\/index.php\/bachelor-office-manager\" target=\"_blank\" data-cp-link=\"1\" data-icon=\"\">BACHELOR OFFICE MANAGER<\/a><a  class=\"button small color1\" href=\"https:\/\/dijonformation.com\/index.php\/bachelor-responsable-commercial-2\" target=\"_blank\" data-cp-link=\"1\" data-icon=\"\" rel=\"noopener\">BACHELOR RDC<\/a> <h3  class=\"\">Bac+5<\/h3><p  class=\"\" style=\"text-align: left;\"><span  style=\"color: rgb(52, 58, 64);\">\u2022&nbsp;<\/span>Manager des Organisations option Commerce, Mast\u00e8re europ\u00e9en\n<br >\u2022 <span  style=\"color: rgb(52, 58, 64);\">Manager des Organisations, Mast\u00e8re europ\u00e9en<\/span><br >\u2022 Manager d\u2019Affaires<\/p><a  class=\"button small color1\" href=\"https:\/\/dijonformation.com\/index.php\/manager-affaires\" target=\"_blank\" data-cp-link=\"1\" data-icon=\"\">MANAGER D\u2019AFFAIRES<\/a><\/div> <div  class=\"col-sm-6 content-left-sm\" data-type=\"column\"><img  decoding=\"async\" class=\"custom-image\" src=\"https:\/\/dijonformation.com\/wp-content\/uploads\/2024\/03\/cropped-cropped-job-4131482_1280-1.jpg\" title=\"cropped-cropped-job-4131482_1280-1.jpg\" alt=\"\"> <\/div> <\/div><\/div> <\/div><div  data-label=\"Content\" data-id=\"content--2\" data-export-id=\"content-8\" data-category=\"content\" class=\"content-8 content-section content-section-spacing\" id=\"content-2\" style=\"background-color: rgb(245, 250, 253);\"><div  class=\"gridContainer\"> <div  class=\"row middle-sm\"><div  class=\"col-sm-6 space-bottom-xs space-top-xs\" data-type=\"column\"> <img  decoding=\"async\" class=\"shadow-large\" src=\"https:\/\/dijonformation.com\/wp-content\/uploads\/2024\/03\/cropped-job-5382501_1280-1.jpg\" title=\"cropped-job-5382501_1280-1.jpg\" alt=\"\"><\/div> <div  class=\"col-sm-6 first-xs last-sm\" data-type=\"column\"><h2  class=\"\"><span  style=\"font-weight: 600;\">Gestion | Ressources Humaines | Paie<\/span><\/h2>  <h3  class=\"\"><span  style=\"font-family: Helvetica, Arial, sans-serif, arial, helvetica, sans-serif; color: rgb(34, 34, 34);\">Bac+2<\/span><\/h3><p  class=\"\" style=\"text-align: left;\"><span  style=\"color: rgb(52, 58, 64);\">\u2022 BTS Gestion de la PME (GPME)<\/span><br ><span  style=\"color: rgb(52, 58, 64);\">\n\u2022 BTS Support \u00e0 l\u2019Action Manag\u00e9riale (SAM)<\/span><\/p><a  class=\"button small color1\" href=\"https:\/\/dijonformation.com\/index.php\/bts-comptabilite-et-gestion-a-dijon-formation\" target=\"_blank\" data-cp-link=\"1\" data-icon=\"\" rel=\"noopener\">BTS GPME<\/a><a  class=\"button small color1\" href=\"https:\/\/dijonformation.com\/index.php\/bts-support-a-laction-manageriale-a-dijon-formation\" target=\"_blank\" data-cp-link=\"1\" data-icon=\"\" rel=\"noopener\">BTS SAM<\/a><h3  class=\"\"><span  style=\"color: rgb(34, 34, 34);\">Bac+3<\/span><\/h3><p  class=\"\" style=\"text-align: left;\"><span  style=\"color: rgb(34, 34, 34);\">\u2022 Bachelor Responsable des Ressources              Humaines<\/span><br >\u2022 Bachelor Office Manager<\/p><a  class=\"button small color1\" href=\"https:\/\/dijonformation.com\/index.php\/bachelor-office-manager\" target=\"_blank\" data-cp-link=\"1\" data-icon=\"\">BACHELOR OFFICE MANAGER<\/a><a  class=\"button small color1\" href=\"https:\/\/dijonformation.com\/index.php\/bachelor-ressources-humaines\" target=\"_blank\" data-cp-link=\"1\" data-icon=\"\" rel=\"noopener\">BACHELOR RH<\/a><h3  class=\"\"><span  style=\"color: rgb(34, 34, 34);\">Bac+5<\/span><\/h3><p  class=\"\" style=\"text-align: justify;\"><span  style=\"color: rgb(34, 34, 34);\">\u2022 Manager des Ressources Humaines<br >\u2022 Manager des Organisations, Mast\u00e8re europ\u00e9en<\/span><br >\u2022 Manager d\u2019Affaires<\/p><a  class=\"button small color1\" href=\"https:\/\/dijonformation.com\/index.php\/manager-ressources-humaines\" target=\"_blank\" data-cp-link=\"1\" data-icon=\"\" rel=\"noopener\">MANAGER RH<\/a><a  class=\"button small color1\" href=\"https:\/\/dijonformation.com\/index.php\/manager-affaires\" target=\"_blank\" data-cp-link=\"1\" data-icon=\"\">MANAGER D\u2019AFFAIRES<\/a><\/div> <\/div><\/div> <\/div><div  data-label=\"Content\" data-id=\"content--3\" data-export-id=\"content-7\" data-category=\"content\" class=\"content-7 content-section content-section-spacing\" id=\"content-3\" style=\"background-color: rgb(242, 242, 242); background-image: none;\"><div  class=\"gridContainer\"> <div  class=\"row middle-sm\"><div  class=\"col-sm-6 space-bottom-xs\" data-type=\"column\"> <h2  class=\"\"><span  style=\"font-weight: 600;\">Comptabilit\u00e9 | Finance<\/span><\/h2> <h3  class=\"\"><span  style=\"font-family: Helvetica, Arial, sans-serif, arial, helvetica, sans-serif; color: rgb(34, 34, 34);\">Bac+2<\/span><\/h3><p  class=\"\" style=\"text-align: left;\"><span  style=\"color: rgb(52, 58, 64);\">\u2022 BTS Comptabilit\u00e9 Gestion\n<\/span><span  style=\"color: rgb(52, 58, 64);\">\u2022 BTS Gestion de la PME (GPME<\/span><\/p> <a  class=\"button small color1\" href=\"https:\/\/dijonformation.com\/index.php\/bts-comptabilite-et-gestion-a-dijon-formation\" target=\"_blank\" data-cp-link=\"1\" data-icon=\"\" rel=\"noopener\">BTS COMPTABILIT\u00c9 GESTION<\/a><a  class=\"button small color1\" href=\"https:\/\/dijonformation.com\/index.php\/bts-comptabilite-et-gestion-a-dijon-formation\" target=\"_blank\" data-cp-link=\"1\" data-icon=\"\" rel=\"noopener\">BTS GPME<\/a><h3  class=\"\"><span  style=\"font-family: Helvetica, Arial, sans-serif, arial, helvetica, sans-serif; color: rgb(34, 34, 34);\">Bac+3<\/span><\/h3><p  class=\"\" style=\"text-align: left;\"><span  style=\"color: rgb(34, 34, 34);\">\u2022 Dipl\u00f4me de Comptabilit\u00e9 et Gestion | DCG<\/span><\/p><a  class=\"button small color1\" href=\"https:\/\/dijonformation.com\/index.php\/diplome-de-comptabilite-gestion\" target=\"_blank\" data-cp-link=\"1\" data-icon=\"\" rel=\"noopener\">DCG<\/a><h3  class=\"\"><span  style=\"font-family: Helvetica, Arial, sans-serif, arial, helvetica, sans-serif; color: rgb(34, 34, 34);\">Bac+5<\/span><\/h3><p  class=\"\" style=\"text-align: left;\">\u2022 Manager des Organisations, Mast\u00e8re europ\u00e9en<br >\u2022 Manager d\u2019Affaires<\/p><a  class=\"button small color1\" href=\"https:\/\/dijonformation.com\/index.php\/manager-affaires\" target=\"_blank\" data-cp-link=\"1\" data-icon=\"\">MANAGER D\u2019AFFAIRES<\/a><\/div> <div  class=\"col-sm-6\" data-type=\"column\"> <img  decoding=\"async\" class=\"shadow-large\" src=\"https:\/\/dijonformation.com\/wp-content\/uploads\/2024\/02\/cropped-cropped-job-interview-candidate-selection-employment-scaled-2.jpg\" title=\"Job interview and candidate selection for employment.\" alt=\"\"><\/div> <\/div><\/div> <\/div><div  data-label=\"Content\" data-id=\"content--4\" data-export-id=\"content-8\" data-category=\"content\" class=\"content-8 content-section content-section-spacing\" id=\"content-4\" style=\"background-color: rgb(245, 250, 253);\"><div  class=\"gridContainer\"> <div  class=\"row middle-sm\"><div  class=\"col-sm-6 space-bottom-xs space-top-xs\" data-type=\"column\"> <img  decoding=\"async\" class=\"shadow-large\" src=\"https:\/\/dijonformation.com\/wp-content\/uploads\/2024\/05\/cropped-online-web-design-scaled-1.jpg\" title=\"Website development layout sketch drawing\" alt=\"\"><\/div> <div  class=\"col-sm-6 first-xs last-sm\" data-type=\"column\"><h2  class=\"\"><span  style=\"font-weight: 600;\">Communication | Informatique<\/span><\/h2> <h3  class=\"\"><span  style=\"font-family: Helvetica, Arial, sans-serif, arial, helvetica, sans-serif; color: rgb(34, 34, 34);\">Bac+2<\/span><\/h3><p  class=\"\" style=\"text-align: left;\"><span  style=\"color: rgb(52, 58, 64);\">\u2022 BTS Communication<\/span><br ><span  style=\"color: rgb(52, 58, 64);\">\n    \u2022 BTS Services Informatiques aux                          Organisations (SIO) :<\/span><br ><span  style=\"color: rgb(52, 58, 64);\">\n            \u2013 option SISR (r\u00e9seau)<\/span><br ><span  style=\"color: rgb(52, 58, 64);\">\n            \u2013 option SLAM (d\u00e9veloppement)<\/span><\/p> <a  class=\"button small color1\" href=\"https:\/\/dijonformation.com\/index.php\/bts-communication\" target=\"_blank\" data-cp-link=\"1\" data-icon=\"\" rel=\"noopener\">BTS Communication<\/a><a  class=\"button small color1\" href=\"https:\/\/dijonformation.com\/index.php\/bts-services-informatiques-aux-organisations\" target=\"_blank\" data-cp-link=\"1\" data-icon=\"\" rel=\"noopener\">BTS SIO<\/a><h3  class=\"\"><span  style=\"font-family: Helvetica, Arial, sans-serif, arial, helvetica, sans-serif; color: rgb(34, 34, 34);\">Bac+3<\/span><\/h3><p  class=\"\" style=\"text-align: left;\"><span  style=\"color: rgb(52, 58, 64);\">\u2022 Bachelor Communication<\/span><br ><span  style=\"color: rgb(52, 58, 64);\">\n    \u2022 Bachelor Informatique<\/span><br >\u2022 Bachelor Office Manager<\/p><a  class=\"button small color1\" href=\"https:\/\/dijonformation.com\/index.php\/bachelor-communication\" target=\"_blank\" data-cp-link=\"1\" data-icon=\"\" rel=\"noopener\">BACHELOR COMMUNICATION<\/a><a  class=\"button small color1\" href=\"https:\/\/dijonformation.com\/index.php\/bachelor-informatique\" target=\"_blank\" data-cp-link=\"1\" data-icon=\"\" rel=\"noopener\">BACHELOR INFORMATIQUE<\/a><a  class=\"button small color1\" href=\"https:\/\/dijonformation.com\/index.php\/bachelor-office-manager\" target=\"_blank\" data-cp-link=\"1\" data-icon=\"\">BACHELOR OFFICE MANAGER<\/a><h3  class=\"\"><span  style=\"font-family: Helvetica, Arial, sans-serif, arial, helvetica, sans-serif; color: rgb(34, 34, 34);\">Bac +5<\/span><\/h3><p  class=\"\">\u2022 Manager des Organisations, Mast\u00e8re europ\u00e9en<br >\u2022 Manager d\u2019Affaires<\/p><a  class=\"button small color1\" href=\"https:\/\/dijonformation.com\/index.php\/manager-affaires\" target=\"_blank\" data-cp-link=\"1\" data-icon=\"\">MANAGER D\u2019AFFAIRES<\/a><\/div> <\/div><\/div> <\/div><div  data-label=\"Cta\" data-id=\"cta--1\" data-export-id=\"cta-blue-section\" data-category=\"cta\" class=\"cta-blue-section content-section content-section-spacing-medium bg-color1 white-text\" id=\"cta-1\"><div  class=\"gridContainer\"> <div  class=\"row middle-xs\"><div  class=\"col-sm-8 space-bottom-xs\" data-type=\"column\">  <h3  class=\"\" style=\"text-align: left;\">Besoin de plus d\u2019informations ?\n<br >Prenez contact avec un de nos conseillers formation<\/h3><\/div> <div  class=\"col-sm-4 end-sm\" data-type=\"column\"> <a  class=\"button color-white\" href=\"mailto:conseils@dijonformation.com\" target=\"_blank\" data-cp-link=\"1\" data-icon=\"\" rel=\"noopener\">NOUS CONTACTER<\/a><a  class=\"button color-white\" href=\"https:\/\/dijonformation.com\/index.php\/notre-equipe-vous-accompagne\" target=\"_blank\" data-cp-link=\"1\" data-icon=\"\" rel=\"noopener\">NOTRE \u00c9QUIPE<\/a><\/div> <\/div><\/div> <\/div>","protected":false},"excerpt":{"rendered":"<p>26 ann\u00e9es d\u2019exp\u00e9rience Nos domaines d\u2019intervention de Bac+2 \u00e0 Bac+5D\u00e9couvrez nos formations en alternance dans les m\u00e9tiers du tertiaire applicables dans tous les secteurs d\u2019activit\u00e9.Vous cherchez un ou des \u00e9tudiants en alternance pour votre entreprise ? Vous avez des besoins au sein du service commercial, relation client, RH, communication, comptabilit\u00e9 etc\u2026 ? Prenez contact avec&hellip; <br \/> <a class=\"read-more\" href=\"https:\/\/dijonformation.com\/index.php\/nos-domaines-dinterventions\/\">Read more<\/a><\/p>\n","protected":false},"author":1,"featured_media":0,"parent":0,"menu_order":0,"comment_status":"closed","ping_status":"closed","template":"pro\/page-templates\/full-width-page.php","meta":{"om_disable_all_campaigns":false,"_uf_show_specific_survey":0,"_uf_disable_surveys":false,"footnotes":""},"class_list":["post-255","page","type-page","status-publish","hentry"],"aioseo_notices":[],"yoast_head":"<!-- This site is optimized with the Yoast SEO plugin v26.8 - https:\/\/yoast.com\/product\/yoast-seo-wordpress\/ -->\n<title>Nos domaines d&#039;intervention<\/title>\n<meta name=\"description\" content=\"Nos domaines d&#039;intervention \u00e0 Dijon Formation, dans les domaines des RH, du Marketing et Communication et la Strat\u00e9gies et Gestion.\" \/>\n<meta name=\"robots\" content=\"index, follow, max-snippet:-1, max-image-preview:large, max-video-preview:-1\" \/>\n<link rel=\"canonical\" href=\"https:\/\/dijonformation.com\/index.php\/nos-domaines-dinterventions\/\" \/>\n<meta property=\"og:locale\" content=\"fr_FR\" \/>\n<meta property=\"og:type\" content=\"article\" \/>\n<meta property=\"og:title\" content=\"Nos domaines d&#039;intervention\" \/>\n<meta property=\"og:description\" content=\"Nos domaines d&#039;intervention \u00e0 Dijon Formation, dans les domaines des RH, du Marketing et Communication et la Strat\u00e9gies et Gestion.\" \/>\n<meta property=\"og:url\" content=\"https:\/\/dijonformation.com\/index.php\/nos-domaines-dinterventions\/\" \/>\n<meta property=\"og:site_name\" content=\"Dijon Formation\" \/>\n<meta property=\"article:publisher\" content=\"https:\/\/www.facebook.com\/dijonfo\/\" \/>\n<meta property=\"article:modified_time\" content=\"2026-02-11T09:39:55+00:00\" \/>\n<meta property=\"og:image\" content=\"https:\/\/dijonformation.com\/wp-content\/uploads\/2024\/03\/cropped-cropped-job-4131482_1280-1.jpg\" \/>\n<meta name=\"twitter:card\" content=\"summary_large_image\" \/>\n<meta name=\"twitter:label1\" content=\"Dur\u00e9e de lecture estim\u00e9e\" \/>\n\t<meta name=\"twitter:data1\" content=\"3 minutes\" \/>\n<script type=\"application\/ld+json\" class=\"yoast-schema-graph\">{\"@context\":\"https:\/\/schema.org\",\"@graph\":[{\"@type\":\"WebPage\",\"@id\":\"https:\/\/dijonformation.com\/index.php\/nos-domaines-dinterventions\/\",\"url\":\"https:\/\/dijonformation.com\/index.php\/nos-domaines-dinterventions\/\",\"name\":\"Nos domaines d'intervention\",\"isPartOf\":{\"@id\":\"https:\/\/dijonformation.com\/#website\"},\"primaryImageOfPage\":{\"@id\":\"https:\/\/dijonformation.com\/index.php\/nos-domaines-dinterventions\/#primaryimage\"},\"image\":{\"@id\":\"https:\/\/dijonformation.com\/index.php\/nos-domaines-dinterventions\/#primaryimage\"},\"thumbnailUrl\":\"https:\/\/dijonformation.com\/wp-content\/uploads\/2024\/03\/cropped-cropped-job-4131482_1280-1.jpg\",\"datePublished\":\"2023-02-28T13:09:42+00:00\",\"dateModified\":\"2026-02-11T09:39:55+00:00\",\"description\":\"Nos domaines d'intervention \u00e0 Dijon Formation, dans les domaines des RH, du Marketing et Communication et la Strat\u00e9gies et Gestion.\",\"breadcrumb\":{\"@id\":\"https:\/\/dijonformation.com\/index.php\/nos-domaines-dinterventions\/#breadcrumb\"},\"inLanguage\":\"fr-FR\",\"potentialAction\":[{\"@type\":\"ReadAction\",\"target\":[\"https:\/\/dijonformation.com\/index.php\/nos-domaines-dinterventions\/\"]}]},{\"@type\":\"ImageObject\",\"inLanguage\":\"fr-FR\",\"@id\":\"https:\/\/dijonformation.com\/index.php\/nos-domaines-dinterventions\/#primaryimage\",\"url\":\"https:\/\/dijonformation.com\/wp-content\/uploads\/2024\/03\/cropped-cropped-job-4131482_1280-1.jpg\",\"contentUrl\":\"https:\/\/dijonformation.com\/wp-content\/uploads\/2024\/03\/cropped-cropped-job-4131482_1280-1.jpg\",\"width\":853,\"height\":853},{\"@type\":\"BreadcrumbList\",\"@id\":\"https:\/\/dijonformation.com\/index.php\/nos-domaines-dinterventions\/#breadcrumb\",\"itemListElement\":[{\"@type\":\"ListItem\",\"position\":1,\"name\":\"Accueil\",\"item\":\"https:\/\/dijonformation.com\/\"},{\"@type\":\"ListItem\",\"position\":2,\"name\":\"Nos fili\u00e8res et formations\"}]},{\"@type\":\"WebSite\",\"@id\":\"https:\/\/dijonformation.com\/#website\",\"url\":\"https:\/\/dijonformation.com\/\",\"name\":\"Dijon Formation\",\"description\":\"Dijon Formation l&#039;\u00e9cole sup\u00e9rieure 100% alternance de Bac +2 \u00e0 Bac +5\",\"publisher\":{\"@id\":\"https:\/\/dijonformation.com\/#organization\"},\"potentialAction\":[{\"@type\":\"SearchAction\",\"target\":{\"@type\":\"EntryPoint\",\"urlTemplate\":\"https:\/\/dijonformation.com\/?s={search_term_string}\"},\"query-input\":{\"@type\":\"PropertyValueSpecification\",\"valueRequired\":true,\"valueName\":\"search_term_string\"}}],\"inLanguage\":\"fr-FR\"},{\"@type\":\"Organization\",\"@id\":\"https:\/\/dijonformation.com\/#organization\",\"name\":\"Dijon Formation\",\"url\":\"https:\/\/dijonformation.com\/\",\"logo\":{\"@type\":\"ImageObject\",\"inLanguage\":\"fr-FR\",\"@id\":\"https:\/\/dijonformation.com\/#\/schema\/logo\/image\/\",\"url\":\"https:\/\/dijonformation.com\/wp-content\/uploads\/2024\/03\/cropped-LOGO-SITE-DIJON-ISMACC-1.png\",\"contentUrl\":\"https:\/\/dijonformation.com\/wp-content\/uploads\/2024\/03\/cropped-LOGO-SITE-DIJON-ISMACC-1.png\",\"width\":3248,\"height\":512,\"caption\":\"Dijon Formation\"},\"image\":{\"@id\":\"https:\/\/dijonformation.com\/#\/schema\/logo\/image\/\"},\"sameAs\":[\"https:\/\/www.facebook.com\/dijonfo\/\",\"https:\/\/www.linkedin.com\/company\/dijon-formation\",\"https:\/\/www.instagram.com\/dijon_formation\/\"]}]}<\/script>\n<!-- \/ Yoast SEO plugin. -->","yoast_head_json":{"title":"Nos domaines d'intervention","description":"Nos domaines d'intervention \u00e0 Dijon Formation, dans les domaines des RH, du Marketing et Communication et la Strat\u00e9gies et Gestion.","robots":{"index":"index","follow":"follow","max-snippet":"max-snippet:-1","max-image-preview":"max-image-preview:large","max-video-preview":"max-video-preview:-1"},"canonical":"https:\/\/dijonformation.com\/index.php\/nos-domaines-dinterventions\/","og_locale":"fr_FR","og_type":"article","og_title":"Nos domaines d'intervention","og_description":"Nos domaines d'intervention \u00e0 Dijon Formation, dans les domaines des RH, du Marketing et Communication et la Strat\u00e9gies et Gestion.","og_url":"https:\/\/dijonformation.com\/index.php\/nos-domaines-dinterventions\/","og_site_name":"Dijon Formation","article_publisher":"https:\/\/www.facebook.com\/dijonfo\/","article_modified_time":"2026-02-11T09:39:55+00:00","og_image":[{"url":"https:\/\/dijonformation.com\/wp-content\/uploads\/2024\/03\/cropped-cropped-job-4131482_1280-1.jpg","type":"","width":"","height":""}],"twitter_card":"summary_large_image","twitter_misc":{"Dur\u00e9e de lecture estim\u00e9e":"3 minutes"},"schema":{"@context":"https:\/\/schema.org","@graph":[{"@type":"WebPage","@id":"https:\/\/dijonformation.com\/index.php\/nos-domaines-dinterventions\/","url":"https:\/\/dijonformation.com\/index.php\/nos-domaines-dinterventions\/","name":"Nos domaines d'intervention","isPartOf":{"@id":"https:\/\/dijonformation.com\/#website"},"primaryImageOfPage":{"@id":"https:\/\/dijonformation.com\/index.php\/nos-domaines-dinterventions\/#primaryimage"},"image":{"@id":"https:\/\/dijonformation.com\/index.php\/nos-domaines-dinterventions\/#primaryimage"},"thumbnailUrl":"https:\/\/dijonformation.com\/wp-content\/uploads\/2024\/03\/cropped-cropped-job-4131482_1280-1.jpg","datePublished":"2023-02-28T13:09:42+00:00","dateModified":"2026-02-11T09:39:55+00:00","description":"Nos domaines d'intervention \u00e0 Dijon Formation, dans les domaines des RH, du Marketing et Communication et la Strat\u00e9gies et Gestion.","breadcrumb":{"@id":"https:\/\/dijonformation.com\/index.php\/nos-domaines-dinterventions\/#breadcrumb"},"inLanguage":"fr-FR","potentialAction":[{"@type":"ReadAction","target":["https:\/\/dijonformation.com\/index.php\/nos-domaines-dinterventions\/"]}]},{"@type":"ImageObject","inLanguage":"fr-FR","@id":"https:\/\/dijonformation.com\/index.php\/nos-domaines-dinterventions\/#primaryimage","url":"https:\/\/dijonformation.com\/wp-content\/uploads\/2024\/03\/cropped-cropped-job-4131482_1280-1.jpg","contentUrl":"https:\/\/dijonformation.com\/wp-content\/uploads\/2024\/03\/cropped-cropped-job-4131482_1280-1.jpg","width":853,"height":853},{"@type":"BreadcrumbList","@id":"https:\/\/dijonformation.com\/index.php\/nos-domaines-dinterventions\/#breadcrumb","itemListElement":[{"@type":"ListItem","position":1,"name":"Accueil","item":"https:\/\/dijonformation.com\/"},{"@type":"ListItem","position":2,"name":"Nos fili\u00e8res et formations"}]},{"@type":"WebSite","@id":"https:\/\/dijonformation.com\/#website","url":"https:\/\/dijonformation.com\/","name":"Dijon Formation","description":"Dijon Formation l&#039;\u00e9cole sup\u00e9rieure 100% alternance de Bac +2 \u00e0 Bac +5","publisher":{"@id":"https:\/\/dijonformation.com\/#organization"},"potentialAction":[{"@type":"SearchAction","target":{"@type":"EntryPoint","urlTemplate":"https:\/\/dijonformation.com\/?s={search_term_string}"},"query-input":{"@type":"PropertyValueSpecification","valueRequired":true,"valueName":"search_term_string"}}],"inLanguage":"fr-FR"},{"@type":"Organization","@id":"https:\/\/dijonformation.com\/#organization","name":"Dijon Formation","url":"https:\/\/dijonformation.com\/","logo":{"@type":"ImageObject","inLanguage":"fr-FR","@id":"https:\/\/dijonformation.com\/#\/schema\/logo\/image\/","url":"https:\/\/dijonformation.com\/wp-content\/uploads\/2024\/03\/cropped-LOGO-SITE-DIJON-ISMACC-1.png","contentUrl":"https:\/\/dijonformation.com\/wp-content\/uploads\/2024\/03\/cropped-LOGO-SITE-DIJON-ISMACC-1.png","width":3248,"height":512,"caption":"Dijon Formation"},"image":{"@id":"https:\/\/dijonformation.com\/#\/schema\/logo\/image\/"},"sameAs":["https:\/\/www.facebook.com\/dijonfo\/","https:\/\/www.linkedin.com\/company\/dijon-formation","https:\/\/www.instagram.com\/dijon_formation\/"]}]}},"_links":{"self":[{"href":"https:\/\/dijonformation.com\/index.php\/wp-json\/wp\/v2\/pages\/255","targetHints":{"allow":["GET"]}}],"collection":[{"href":"https:\/\/dijonformation.com\/index.php\/wp-json\/wp\/v2\/pages"}],"about":[{"href":"https:\/\/dijonformation.com\/index.php\/wp-json\/wp\/v2\/types\/page"}],"author":[{"embeddable":true,"href":"https:\/\/dijonformation.com\/index.php\/wp-json\/wp\/v2\/users\/1"}],"replies":[{"embeddable":true,"href":"https:\/\/dijonformation.com\/index.php\/wp-json\/wp\/v2\/comments?post=255"}],"version-history":[{"count":80,"href":"https:\/\/dijonformation.com\/index.php\/wp-json\/wp\/v2\/pages\/255\/revisions"}],"predecessor-version":[{"id":6612,"href":"https:\/\/dijonformation.com\/index.php\/wp-json\/wp\/v2\/pages\/255\/revisions\/6612"}],"wp:attachment":[{"href":"https:\/\/dijonformation.com\/index.php\/wp-json\/wp\/v2\/media?parent=255"}],"curies":[{"name":"wp","href":"https:\/\/api.w.org\/{rel}","templated":true}]}}